{"id":1958,"date":"2024-06-12T08:13:20","date_gmt":"2024-06-12T08:13:20","guid":{"rendered":"https:\/\/opg-haraci.hr\/?page_id=1958"},"modified":"2024-06-19T12:09:32","modified_gmt":"2024-06-19T12:09:32","slug":"heljda","status":"publish","type":"page","link":"https:\/\/opg-haraci.hr\/?page_id=1958","title":{"rendered":"Heljda"},"content":{"rendered":"\t\t<div data-elementor-type=\"wp-page\" data-elementor-id=\"1958\" class=\"elementor elementor-1958\">\n\t\t\t\t<div class=\"elementor-element elementor-element-d766ed1 e-con-full elementor-hidden-mobile e-flex e-con e-parent\" data-id=\"d766ed1\" data-element_type=\"container\">\n\t\t\t\t<div class=\"elementor-element elementor-element-54c0833 elementor-widget elementor-widget-image\" data-id=\"54c0833\" data-element_type=\"widget\" data-widget_type=\"image.default\">\n\t\t\t\t<div class=\"elementor-widget-container\">\n\t\t\t\t\t\t\t\t\t\t\t\t\t\t\t<img fetchpriority=\"high\" decoding=\"async\" width=\"1920\" height=\"800\" src=\"https:\/\/opg-haraci.hr\/wp-content\/uploads\/2024\/06\/16-1.jpg\" class=\"attachment-full size-full wp-image-2111\" alt=\"\" srcset=\"https:\/\/opg-haraci.hr\/wp-content\/uploads\/2024\/06\/16-1.jpg 1920w, https:\/\/opg-haraci.hr\/wp-content\/uploads\/2024\/06\/16-1-300x125.jpg 300w, https:\/\/opg-haraci.hr\/wp-content\/uploads\/2024\/06\/16-1-1024x427.jpg 1024w, https:\/\/opg-haraci.hr\/wp-content\/uploads\/2024\/06\/16-1-768x320.jpg 768w, https:\/\/opg-haraci.hr\/wp-content\/uploads\/2024\/06\/16-1-1536x640.jpg 1536w, https:\/\/opg-haraci.hr\/wp-content\/uploads\/2024\/06\/16-1-600x250.jpg 600w\" sizes=\"(max-width: 1920px) 100vw, 1920px\" \/>\t\t\t\t\t\t\t\t\t\t\t\t\t\t\t<\/div>\n\t\t\t\t<\/div>\n\t\t\t\t<\/div>\n\t\t<div class=\"elementor-element elementor-element-e8e27ed elementor-hidden-desktop elementor-hidden-tablet e-flex e-con-boxed e-con e-parent\" data-id=\"e8e27ed\" data-element_type=\"container\" data-settings=\"{&quot;background_background&quot;:&quot;classic&quot;}\">\n\t\t\t\t\t<div class=\"e-con-inner\">\n\t\t\t\t\t<\/div>\n\t\t\t\t<\/div>\n\t\t<div class=\"elementor-element elementor-element-7757c4a e-flex e-con-boxed e-con e-parent\" data-id=\"7757c4a\" data-element_type=\"container\">\n\t\t\t\t\t<div class=\"e-con-inner\">\n\t\t\t\t<div class=\"elementor-element elementor-element-3ec094d elementor-widget elementor-widget-heading\" data-id=\"3ec094d\" data-element_type=\"widget\" data-widget_type=\"heading.default\">\n\t\t\t\t<div class=\"elementor-widget-container\">\n\t\t\t\t\t<h2 class=\"elementor-heading-title elementor-size-default\">Hajdinska ka\u0161a OPG-a Hara\u010di, proizvedena od najkvalitetnije heljde iz srca Podravine, nutritivno je bogat dodatak va\u0161oj prehrani.<\/h2>\t\t\t\t<\/div>\n\t\t\t\t<\/div>\n\t\t\t\t<div class=\"elementor-element elementor-element-0908182 elementor-widget elementor-widget-text-editor\" data-id=\"0908182\" data-element_type=\"widget\" data-widget_type=\"text-editor.default\">\n\t\t\t\t<div class=\"elementor-widget-container\">\n\t\t\t\t\t\t\t\t\t<p>Puna vlakana, proteina i esencijalnih minerala, ova ka\u0161a podr\u017eava zdravu probavu i daje dugotrajan osje\u0107aj sitosti. Svojim blagim, ora\u0161astim okusom savr\u0161eno se uklapa u razna jela, od doru\u010daka i priloga do juha i salata. OPG Hara\u010di ponosno odr\u017eava tradiciju i kvalitetu, pru\u017eaju\u0107i vam najzdravije i najukusnije proizvode.<\/p>\t\t\t\t\t\t\t\t<\/div>\n\t\t\t\t<\/div>\n\t\t\t\t\t<\/div>\n\t\t\t\t<\/div>\n\t\t<div class=\"elementor-element elementor-element-a7f1d39 e-flex e-con-boxed e-con e-parent\" data-id=\"a7f1d39\" data-element_type=\"container\">\n\t\t\t\t\t<div class=\"e-con-inner\">\n\t\t<div class=\"elementor-element elementor-element-27797c4 e-con-full e-flex e-con e-child\" data-id=\"27797c4\" data-element_type=\"container\">\n\t\t\t\t<\/div>\n\t\t<div class=\"elementor-element elementor-element-bb4d807 e-con-full e-flex e-con e-child\" data-id=\"bb4d807\" data-element_type=\"container\">\n\t\t\t\t<div class=\"elementor-element elementor-element-7f8537c elementor-widget elementor-widget-image\" data-id=\"7f8537c\" data-element_type=\"widget\" data-widget_type=\"image.default\">\n\t\t\t\t<div class=\"elementor-widget-container\">\n\t\t\t\t\t\t\t\t\t\t\t\t\t\t\t<img decoding=\"async\" width=\"500\" height=\"500\" src=\"https:\/\/opg-haraci.hr\/wp-content\/uploads\/2024\/06\/prirodno.png\" class=\"attachment-large size-large wp-image-1999\" alt=\"\" srcset=\"https:\/\/opg-haraci.hr\/wp-content\/uploads\/2024\/06\/prirodno.png 500w, https:\/\/opg-haraci.hr\/wp-content\/uploads\/2024\/06\/prirodno-300x300.png 300w, https:\/\/opg-haraci.hr\/wp-content\/uploads\/2024\/06\/prirodno-150x150.png 150w, https:\/\/opg-haraci.hr\/wp-content\/uploads\/2024\/06\/prirodno-100x100.png 100w\" sizes=\"(max-width: 500px) 100vw, 500px\" \/>\t\t\t\t\t\t\t\t\t\t\t\t\t\t\t<\/div>\n\t\t\t\t<\/div>\n\t\t\t\t<div class=\"elementor-element elementor-element-25b62bc elementor-widget elementor-widget-heading\" data-id=\"25b62bc\" data-element_type=\"widget\" data-widget_type=\"heading.default\">\n\t\t\t\t<div class=\"elementor-widget-container\">\n\t\t\t\t\t<h2 class=\"elementor-heading-title elementor-size-default\">PRIRODNI<\/h2>\t\t\t\t<\/div>\n\t\t\t\t<\/div>\n\t\t\t\t<div class=\"elementor-element elementor-element-2720caf elementor-widget elementor-widget-heading\" data-id=\"2720caf\" data-element_type=\"widget\" data-widget_type=\"heading.default\">\n\t\t\t\t<div class=\"elementor-widget-container\">\n\t\t\t\t\t<h2 class=\"elementor-heading-title elementor-size-default\">proizvodi<\/h2>\t\t\t\t<\/div>\n\t\t\t\t<\/div>\n\t\t\t\t<\/div>\n\t\t<div class=\"elementor-element elementor-element-2f2ce25 e-con-full e-flex e-con e-child\" data-id=\"2f2ce25\" data-element_type=\"container\">\n\t\t\t\t<div class=\"elementor-element elementor-element-0d02a20 elementor-widget elementor-widget-image\" data-id=\"0d02a20\" data-element_type=\"widget\" data-widget_type=\"image.default\">\n\t\t\t\t<div class=\"elementor-widget-container\">\n\t\t\t\t\t\t\t\t\t\t\t\t\t\t\t<img decoding=\"async\" width=\"500\" height=\"500\" src=\"https:\/\/opg-haraci.hr\/wp-content\/uploads\/2024\/06\/domace.png\" class=\"attachment-large size-large wp-image-1998\" alt=\"\" srcset=\"https:\/\/opg-haraci.hr\/wp-content\/uploads\/2024\/06\/domace.png 500w, https:\/\/opg-haraci.hr\/wp-content\/uploads\/2024\/06\/domace-300x300.png 300w, https:\/\/opg-haraci.hr\/wp-content\/uploads\/2024\/06\/domace-150x150.png 150w, https:\/\/opg-haraci.hr\/wp-content\/uploads\/2024\/06\/domace-100x100.png 100w\" sizes=\"(max-width: 500px) 100vw, 500px\" \/>\t\t\t\t\t\t\t\t\t\t\t\t\t\t\t<\/div>\n\t\t\t\t<\/div>\n\t\t\t\t<div class=\"elementor-element elementor-element-43ef98c elementor-widget elementor-widget-heading\" data-id=\"43ef98c\" data-element_type=\"widget\" data-widget_type=\"heading.default\">\n\t\t\t\t<div class=\"elementor-widget-container\">\n\t\t\t\t\t<h2 class=\"elementor-heading-title elementor-size-default\">DOMA\u0106I<\/h2>\t\t\t\t<\/div>\n\t\t\t\t<\/div>\n\t\t\t\t<div class=\"elementor-element elementor-element-785f826 elementor-widget elementor-widget-heading\" data-id=\"785f826\" data-element_type=\"widget\" data-widget_type=\"heading.default\">\n\t\t\t\t<div class=\"elementor-widget-container\">\n\t\t\t\t\t<h2 class=\"elementor-heading-title elementor-size-default\">proizvodi<\/h2>\t\t\t\t<\/div>\n\t\t\t\t<\/div>\n\t\t\t\t<\/div>\n\t\t<div class=\"elementor-element elementor-element-95463b5 e-con-full e-flex e-con e-child\" data-id=\"95463b5\" data-element_type=\"container\">\n\t\t\t\t<\/div>\n\t\t\t\t\t<\/div>\n\t\t\t\t<\/div>\n\t\t<div class=\"elementor-element elementor-element-d978b5f e-flex e-con-boxed e-con e-parent\" data-id=\"d978b5f\" data-element_type=\"container\">\n\t\t\t\t\t<div class=\"e-con-inner\">\n\t\t\t\t<div class=\"elementor-element elementor-element-49f8268 elementor-widget elementor-widget-shortcode\" data-id=\"49f8268\" data-element_type=\"widget\" data-widget_type=\"shortcode.default\">\n\t\t\t\t<div class=\"elementor-widget-container\">\n\t\t\t\t\t\t\t<div class=\"elementor-shortcode\"><div class=\"woocommerce columns-4 \"><ul class=\"products columns-4\">\n<li class=\"desktop-align-left tablet-align-left mobile-align-left product type-product post-1838 status-publish first instock product_cat-heljda has-post-thumbnail taxable shipping-taxable purchasable product-type-simple\">\n\t<a href=\"https:\/\/opg-haraci.hr\/?product=hajdinska-kasa-1-kg\" class=\"woocommerce-LoopProduct-link woocommerce-loop-product__link\"><img loading=\"lazy\" decoding=\"async\" width=\"300\" height=\"300\" src=\"https:\/\/opg-haraci.hr\/wp-content\/uploads\/2024\/06\/3-2-300x300.jpg\" class=\"attachment-woocommerce_thumbnail size-woocommerce_thumbnail\" alt=\"Hajdinska ka\u0161a 1 kg\" srcset=\"https:\/\/opg-haraci.hr\/wp-content\/uploads\/2024\/06\/3-2-300x300.jpg 300w, https:\/\/opg-haraci.hr\/wp-content\/uploads\/2024\/06\/3-2-150x150.jpg 150w, https:\/\/opg-haraci.hr\/wp-content\/uploads\/2024\/06\/3-2-768x768.jpg 768w, https:\/\/opg-haraci.hr\/wp-content\/uploads\/2024\/06\/3-2-600x600.jpg 600w, https:\/\/opg-haraci.hr\/wp-content\/uploads\/2024\/06\/3-2-100x100.jpg 100w, https:\/\/opg-haraci.hr\/wp-content\/uploads\/2024\/06\/3-2.jpg 1000w\" sizes=\"(max-width: 300px) 100vw, 300px\" \/><h2 class=\"woocommerce-loop-product__title\">Hajdinska ka\u0161a 1 kg<\/h2>\n\t<span class=\"price\"><span class=\"woocommerce-Price-amount amount\"><bdi>5,00&nbsp;<span class=\"woocommerce-Price-currencySymbol\">&euro;<\/span><\/bdi><\/span><\/span>\n<\/a><a href=\"\/index.php?rest_route=%2Fwp%2Fv2%2Fpages%2F1958&#038;add-to-cart=1838\" aria-describedby=\"woocommerce_loop_add_to_cart_link_describedby_1838\" data-quantity=\"1\" class=\"button product_type_simple add_to_cart_button ajax_add_to_cart\" data-product_id=\"1838\" data-product_sku=\"\" aria-label=\"Dodaj u ko\u0161aricu: &quot;Hajdinska ka\u0161a 1 kg&quot;\" rel=\"nofollow\" data-success_message=\"&quot;Hajdinska ka\u0161a 1 kg&quot; je dodan u va\u0161u ko\u0161aricu\" role=\"button\">Dodaj u ko\u0161aricu<\/a>\t<span id=\"woocommerce_loop_add_to_cart_link_describedby_1838\" class=\"screen-reader-text\">\n\t\t\t<\/span>\n<\/li>\n<\/ul>\n<\/div><\/div>\n\t\t\t\t\t\t<\/div>\n\t\t\t\t<\/div>\n\t\t\t\t\t<\/div>\n\t\t\t\t<\/div>\n\t\t\t\t<\/div>\n\t\t","protected":false},"excerpt":{"rendered":"<p>Hajdinska ka\u0161a OPG-a Hara\u010di, proizvedena od najkvalitetnije heljde iz srca Podravine, nutritivno je bogat dodatak va\u0161oj prehrani. Puna vlakana, proteina i esencijalnih minerala, ova ka\u0161a podr\u017eava zdravu probavu i daje dugotrajan osje\u0107aj sitosti. Svojim blagim, ora\u0161astim okusom savr\u0161eno se uklapa u razna jela, od doru\u010daka i priloga do juha i salata. OPG Hara\u010di ponosno odr\u017eava [&hellip;]<\/p>\n","protected":false},"author":1,"featured_media":0,"parent":0,"menu_order":0,"comment_status":"closed","ping_status":"closed","template":"","meta":{"site-sidebar-layout":"no-sidebar","site-content-layout":"page-builder","ast-site-content-layout":"full-width-container","site-content-style":"default","site-sidebar-style":"default","ast-global-header-display":"","ast-banner-title-visibility":"","ast-main-header-display":"","ast-hfb-above-header-display":"","ast-hfb-below-header-display":"","ast-hfb-mobile-header-display":"","site-post-title":"disabled","ast-breadcrumbs-content":"","ast-featured-img":"disabled","footer-sml-layout":"","ast-disable-related-posts":"","theme-transparent-header-meta":"","adv-header-id-meta":"","stick-header-meta":"","header-above-stick-meta":"","header-main-stick-meta":"","header-below-stick-meta":"","astra-migrate-meta-layouts":"set","ast-page-background-enabled":"default","ast-page-background-meta":{"desktop":{"background-color":"","background-image":"","background-repeat":"repeat","background-position":"center center","background-size":"auto","background-attachment":"scroll","background-type":"","background-media":"","overlay-type":"","overlay-color":"","overlay-opacity":"","overlay-gradient":""},"tablet":{"background-color":"","background-image":"","background-repeat":"repeat","background-position":"center center","background-size":"auto","background-attachment":"scroll","background-type":"","background-media":"","overlay-type":"","overlay-color":"","overlay-opacity":"","overlay-gradient":""},"mobile":{"background-color":"","background-image":"","background-repeat":"repeat","background-position":"center center","background-size":"auto","background-attachment":"scroll","background-type":"","background-media":"","overlay-type":"","overlay-color":"","overlay-opacity":"","overlay-gradient":""}},"ast-content-background-meta":{"desktop":{"background-color":"var(--ast-global-color-5)","background-image":"","background-repeat":"repeat","background-position":"center center","background-size":"auto","background-attachment":"scroll","background-type":"","background-media":"","overlay-type":"","overlay-color":"","overlay-opacity":"","overlay-gradient":""},"tablet":{"background-color":"var(--ast-global-color-5)","background-image":"","background-repeat":"repeat","background-position":"center center","background-size":"auto","background-attachment":"scroll","background-type":"","background-media":"","overlay-type":"","overlay-color":"","overlay-opacity":"","overlay-gradient":""},"mobile":{"background-color":"var(--ast-global-color-5)","background-image":"","background-repeat":"repeat","background-position":"center center","background-size":"auto","background-attachment":"scroll","background-type":"","background-media":"","overlay-type":"","overlay-color":"","overlay-opacity":"","overlay-gradient":""}},"footnotes":""},"class_list":["post-1958","page","type-page","status-publish","hentry"],"_links":{"self":[{"href":"https:\/\/opg-haraci.hr\/index.php?rest_route=\/wp\/v2\/pages\/1958","targetHints":{"allow":["GET"]}}],"collection":[{"href":"https:\/\/opg-haraci.hr\/index.php?rest_route=\/wp\/v2\/pages"}],"about":[{"href":"https:\/\/opg-haraci.hr\/index.php?rest_route=\/wp\/v2\/types\/page"}],"author":[{"embeddable":true,"href":"https:\/\/opg-haraci.hr\/index.php?rest_route=\/wp\/v2\/users\/1"}],"replies":[{"embeddable":true,"href":"https:\/\/opg-haraci.hr\/index.php?rest_route=%2Fwp%2Fv2%2Fcomments&post=1958"}],"version-history":[{"count":13,"href":"https:\/\/opg-haraci.hr\/index.php?rest_route=\/wp\/v2\/pages\/1958\/revisions"}],"predecessor-version":[{"id":2294,"href":"https:\/\/opg-haraci.hr\/index.php?rest_route=\/wp\/v2\/pages\/1958\/revisions\/2294"}],"wp:attachment":[{"href":"https:\/\/opg-haraci.hr\/index.php?rest_route=%2Fwp%2Fv2%2Fmedia&parent=1958"}],"curies":[{"name":"wp","href":"https:\/\/api.w.org\/{rel}","templated":true}]}}